 and o.
22
Let a be 180*(1 - (-4)/(-8)). Let g(b) = b**3 - 6*b**2 + 3. Let f be g(6). Suppose f*w + 30 = 84. Calculate the greatest common divisor of w and a.
18
Suppose 4*o + 296 = 44. Let j = o - -103. What is the highest common divisor of j and 5?
5
Suppose -a = 4*a. Suppose 52 = 4*l - 4*q, a*l + 5*q = -2*l - 9. What is the greatest common factor of l and 24?
8
Suppose 186 = 2*a + 2*z, -30 + 111 = a + 5*z. Let l be (-18)/((-4)/(a/9)). Calculate the greatest common factor of l and 16.
16
Let m be (-2 + -1)*(-80)/15. Let k be 24*(3 + 13/3). What is the greatest common divisor of m and k?
16
Let w(s) = s**2 - 6*s - 11. Let v be w(8). Suppose -v*u = -67 - 13. Let g(h) = -h**3 + h + 144. Let r be g(0). Calculate the highest common factor of u and r.
16
Let k(d) = 4*d**3 + 8*d + 6. Let r be k(-5). Let y = 809 + r. Calculate the highest common factor of 25 and y.
25
Let v = -36 - -46. What is the highest common factor of 5 and v?
5
Let m = -7 + -8. Let i be (-8)/6 + 2/(-3). Let o = i - m. Calculate the highest common divisor of o and 52.
13
Let q = -21 + 42. Calculate the highest common divisor of 168 and q.
21
Let p be 168*(6/(-9) + 1). Let d be 0 + (-2 - -12) + -2. What is the greatest common divisor of p and d?
8
Let b be 1/(-7) - 318/(-21). Calculate the highest common divisor of 135 and b.
15
Let t = 83 + -6. Suppose 0 = 4*v - 4*z - 13 - 11, 2*v = -z + 15. What is the greatest common factor of v and t?
7
Let o be 1/2*(78 + 0). Let b = 5 + -2. Suppose -104 = -b*l - l. What is the highest common factor of o and l?
13
Let n(i) = i**3 - 3*i**2 - i - 3. Let q be n(4). Let b be 35/(-2) - 2/(-4). Let s = b + 44. Calculate the highest common factor of q and s.
9
Let w(t) = t - 3 + 3*t**2 - 1 - 6*t. Let d be w(-3). Suppose -31 = 4*r - 107. Calculate the highest common factor of d and r.
19
Let m(k) = k**2 + 5*k + 4. Let a be m(-7). Suppose 0 = -6*o + 2*o + 72. Calculate the greatest common factor of o and a.
18
Let b = -29 + 43. Suppose g = -2*a + 17, 3*a = -g + 2*a + b. What is the highest common divisor of 44 and g?
11
Let a = -43 + 67. What is the greatest common factor of 16 and a?
8
Let x(d) = 5*d**3 - 3*d**2 + 2*d. Let k be x(1). What is the highest common factor of 4 and k?
4
Let m(c) = c**2 - 6*c - 6. Let a be m(6). Let y be -1 - a/(2 - 0). Calculate the highest common divisor of 4 and y.
2
Suppose -2*d + d = 0. Let o(i) = -i**2 - i + 16. Let b be o(d). Let m be (2 + (-32)/(-2))/(90/240). What is the greatest common divisor of b and m?
16
Let u(g) = -6*g + 5. Let n be u(7). Let p = n - -57. Let z = p - -79. What is the greatest common factor of z and 9?
9
Let o = -2 - -2. Let c = 8 - o. Calculate the greatest common divisor of 2 and c.
2
Suppose -4*s - 4*l = -13 - 3, 4*s - 2*l = 16. Suppose -5*u = -2*c + 3*c + 17, -c + 19 = -s*u. What is the greatest common factor of c and 27?
3
Let y = 0 + 0. Suppose y = -5*n - 0*n - 25. Let w = n + 6. What is the highest common factor of w and 4?
1
Let s(t) = -8*t - 4. Let u be s(-1). What is the highest common factor of u and 44?
4
Let x be ((-32)/24)/((-2)/3). Suppose 19 = w + 3*c, -w + x*c - 2 = 4. Let m = w + 3. What is the highest common factor of 35 and m?
7
Let s be (1/((-4)/(-116)))/1. Suppose 2*d - 4*u = 5*d - 38, 4*d = -u + s. Calculate the highest common divisor of d and 3.
3
Suppose 11*d - 192 + 38 = 0. Calculate the greatest common factor of 2 and d.
2
Let v = 1 + 3. Suppose -2*a + 16 - 1 = y, 20 = v*a. Suppose 0 = -y*m + 46 + 4. Calculate the highest common divisor of m and 40.
10
Let f = 65 + -60. Suppose 0 = i + 1. Let s be 8 + i/((-1)/2). Calculate the greatest common divisor of f and s.
5
Let c be -2*(2 + -3) + -4. Let v = 4 + c. Calculate the highest common divisor of v and 14.
2
Let p(t) = -7*t**2 - 3 - t**3 - 4*t - 1 - 3. Let u be p(-7). Suppose u - 1 = 4*q. Calculate the greatest common factor of q and 35.
5
Let k(r) = -r**2 - 10*r + 1. Let c be k(-9). Let w = 26 + -16. Calculate the highest common factor of w and c.
10
Let r = -166 - -235. What is the highest common factor of r and 46?
23
Suppose -7*n + 3*n + 5*h + 359 = 0, 5*n = -4*h + 500. What is the highest common divisor of n and 64?
32
Let v = -6 - -10. Suppose -v*g - 168 = -828. What is the greatest common factor of g and 15?
15
Let s = 2 + 2. Suppose 0 = 4*w - 2*g + s*g - 104, -5*w - 5*g + 130 = 0. Calculate the greatest common divisor of 13 and w.
13
Let j(y) = -y**2 + 8*y. Let b be j(6). Calculate the greatest common divisor of 4 and b.
4
Let k be 1*2/(-8)*0. Suppose k = -4*o - 8, -j - 2*j + 3*o = -12. Calculate the highest common divisor of 22 and j.
2
Suppose -2*s - s = -6. Suppose -c - 200 = -4*t, 11 = t + s*c - 39. Calculate the greatest common divisor of 20 and t.
10
Suppose -5*p = -10 - 30. Suppose -3*i = 5*w - 494, 7*i - 2*w = 4*i + 508. Suppose i = 3*u - 0*u. Calculate the highest common divisor of p and u.
8
Let l(u) = 12*u + 4. Let b be l(2). Calculate the highest common factor of 14 and b.
14
Let j(p) = 0 + 3*p + 2*p + p - 3. Let t be j(2). What is the highest common divisor of 36 and t?
9
Let g = 7 - 9. Let s be g - (-1 + -3)/(-2). Let b be 3/1 - (-2 - s). Calculate the greatest common factor of b and 2.
1
Suppose 0 = 5*z + 26 + 9. Let v = 0 - z. Calculate the highest common factor of v and 35.
7
Let n be 0/(-2*2/2). Suppose -w - w = n. Suppose 2*q + 5*b - 68 = w, 0 = 3*q - 2*q + 2*b - 32. Calculate the greatest common factor of 36 and q.
12
Let u = -308 + 553. What is the highest common factor of u and 49?
49
Let y be -1*(-3)/6*0. Suppose 0 = -5*f - y*f - 60. Let p be (-2)/8 + (-1203)/f. What is the greatest common divisor of p and 20?
20
Let w(v) = -5*v**2 + 2*v + 2. Let y be 2 + -3*4/(-6). Let l be w(y). Let a be l/(-8) - (-2)/8. Calculate the greatest common divisor of 36 and a.
9
Let j = 0 + 3. Suppose -10 = -s - j. What is the greatest common factor of 49 and s?
7
Let j be (-4 - (1 - 3))*60/(-6). Let r(t) = 3*t**2 + 10*t - 8. Let z be r(6). Calculate the highest common factor of j and z.
20
Let r(s) = s**2 - 11*s + 18. Let j be r(13). Calculate the highest common divisor of 11 and j.
11
Suppose 0 = -3*y + 20 + 97. Suppose -p = 5*j + p - 67, -j + 5*p + 8 = 0. Calculate the highest common divisor of y and j.
13
Let p(h) = 2*h + 35. Let w be p(-14). Calculate the highest common divisor of 56 and w.
7
Suppose 16 = 4*y - 56. Suppose 0 = -2*b - 36 + 210. Suppose -4*c = 2*r - c - b, r - 47 = 2*c. Calculate the highest common divisor of r and y.
9
Let c be 9 - (-9)/6*2. Let l = -11 + c. What is the greatest common divisor of l and 7?
1
Let h(j) = -j**3 - 2*j**2 - j. Let x be h(-2). What is the greatest common factor of 2 and x?
2
Suppose -6*x = -353 - 2077. Calculate the highest common factor of x and 45.
45
Let z(f) = f + 7. Suppose 0 = -2*c - v - v - 8, 5*v + 13 = -4*c. Let k be z(c). Suppose k = -5*l - 41 + 641. Calculate the greatest common factor of l and 48.
24
Let n = -10 - -12. Suppose n*g - 25 = 13. Calculate the highest common factor of 19 and g.
19
Let d(g) = -g**2 - g + 18. Let x(k) = k**2 - 1. Let w be x(1). Let l be d(w). Calculate the greatest common divisor of l and 2.
2
Let r be (-135)/(-18) + 5/(-2) + 2. Calculate the greatest common divisor of r and 28.
7
Let b(w) = -w**2 - w + 15. Let v be b(0). Calculate the highest common factor of 15 and v.
15
Let l(k) be the second derivative of k**3/6 + 8*k**2 + 6*k. Let d be l(0). What is the greatest common divisor of 112 and d?
16
Let p = -9 - -17. What is the highest common divisor of p and 8?
8
Suppose -4*t + 4 + 0 = 4*x, -5*x = t + 3. Suppose 2*k = -3*a + 193 - 2, t*a - 120 = -5*k. What is the greatest common factor of 26 and a?
13
Let o = 35 - 30. What is the highest common factor of o and 55?
5
Let j(a) = 9*a + 73. Let q be j(-8). Let k(t) = t**3 + 5*t**2 + 3*t + 5. Let p be k(-4). Calculate the greatest common factor of p and q.
1
Let h be (-14)/(-4) + (3/(-2))/(-1). Suppose 5*z - 6*z + 55 = 0. Calculate the greatest common factor of z and h.
5
Let r = 333 - 207. Calculate the greatest common divisor of 18 and r.
18
Let q be (1 - -4 - 4) + 9. Suppose 3 = -2*z + 11, -3*z - 268 = -4*a. Calculate the greatest common factor of q and a.
10
Let j be 3/(-2 - 14/(-4)). What is the highest common divisor of j and 2?
2
Suppose 0*z - 3 = -z. What is the h